(5)?
3
Suppose 15*r = 14*r + 18. Suppose -p + r + 14 = 0. What is the units digit of p?
2
Let y be (-6)/4*100/(-15). Let p = y - 7. Suppose 2*m - p = 5*j + 1, -4*m + 3*j = -22. What is the units digit of m?
7
Let a(b) = 9*b + 1. Let s be a(-1). Let f(r) = -r**2 - 8*r + 2. Let v be f(s). Suppose 0 = -v*w + 5*c + 3, 2*w + 2*c - 23 = 15. What is the units digit of w?
4
What is the tens digit of (0 - (-1 + 1)) + 71?
7
Let s(p) = 3*p**3 + 6*p**2 - 7*p + 3. Let i(d) = 10*d**3 + 18*d**2 - 22*d + 8. Let w(n) = 2*i(n) - 7*s(n). What is the units digit of w(-7)?
9
Let h(b) be the second derivative of b**5/20 + b**4/12 + b**3/6 + 28*b**2 + 8*b. What is the tens digit of h(0)?
5
Suppose -3*b + 269 = -w - 288, 3*b = -3*w + 573. What is the units digit of b?
7
Let y = -37 + 76. What is the units digit of y?
9
Let b(i) = i**2 - 4*i - 1. Let u = 16 + -11. Let d be b(u). Suppose -d = -v - 0. What is the units digit of v?
4
Suppose -3*f - 550 = -8*f. What is the hundreds digit of f?
1
Let g = 7 - -18. What is the tens digit of g?
2
Suppose n - 5*n + 2*u - 26 = 0, 0 = -2*n - 2*u + 2. Let z = 5 + n. What is the units digit of z?
1
Suppose 0*w = 3*w - 27. Let g(s) = -s**3 + 10*s**2 - 8*s + 1. Let b be g(w). What is the units digit of b/3 + 6/9?
4
Let p = -1 + 20. What is the units digit of p?
9
Suppose -2*d - 17 + 0 = 5*y, 0 = 4*y - 4*d + 8. Let a = 2 - 7. Let p = y - a. What is the units digit of p?
2
Suppose 0 = 2*y + 3*y - 15. Suppose -b = -y*b + 114. What is the tens digit of b?
5
Let n be (-4)/(-6) - 4/6. Let j = n - -2. Suppose 0 = 3*i - 2*l - 21, -i + 4*l = -j*i + 7. What is the units digit of i?
7
Suppose 13 = -2*j + 3. Let v(g) = g**3 + 5*g**2 + g + 7. What is the units digit of v(j)?
2
Let r(x) = 11*x - 11. Let i(s) = -5*s + 5. Let c(z) = 13*i(z) + 6*r(z). What is the units digit of c(3)?
2
Suppose 9*z = 11*z - 200. What is the tens digit of z?
0
Let s(x) = -5*x - 1. Let b be s(-1). Let u = b + -1. Suppose -3*i = 4*t - 15, 16 = i + 8*t - u*t. What is the units digit of i?
1
Suppose 0 = -4*z - 1 + 13. What is the units digit of (3 - z)/3 + 3?
3
Let t(q) = -q**3 + 4*q**2 - 5*q + 2. Suppose -11 - 6 = -5*i - 3*h, 0 = -h - 1. Let z be t(i). What is the tens digit of (96/z)/((-2)/6)?
1
Suppose l = 22 - 0. What is the tens digit of l?
2
Let l = -81 + 206. What is the units digit of l?
5
Let c = 1 + 0. Suppose 5*s = -2*v + 16, -8 + c = -2*s - v. Suppose -3*u + 19 = -s. What is the units digit of u?
7
Let q(s) = s**2 + 5*s**2 - s + 3 + 6*s + 3*s**2. What is the units digit of q(-2)?
9
Suppose 2*s + 162 = 3*s. What is the tens digit of s?
6
What is the units digit of 2 - (-207 + 3)/3?
0
Let l = -41 - -84. What is the tens digit of l?
4
Suppose -5*v + 55 + 100 = 0. What is the tens digit of v?
3
Let z be 6/8*1*4. Let s be 0/(-2 - (-10)/2). Suppose s = 7*m - 4*m - z. What is the units digit of m?
1
Let a(s) = 2*s - 5*s**2 - 1 - 4 + 6*s**2. What is the tens digit of a(-6)?
1
Suppose -o + 3*j - 493 = -6*o, -j = -2*o + 195. What is the units digit of o?
8
Suppose -14 = -d - d. What is the units digit of d?
7
Suppose 0 = 2*n - 9 - 19. Let o be (-4)/n - 27/(-21). Suppose o = 2*x - 3. What is the units digit of x?
2
Let g(z) = -7*z + 6. Let j(a) = 3*a - 3. Let s(m) = -2*g(m) - 5*j(m). What is the units digit of s(-5)?
8
Suppose -2*q + 14 = 4. Let t be -22*(1 - (-4)/(-2)). Suppose 5*k - 16 = x - 6, k = q*x - t. What is the units digit of k?
3
Suppose 5*r = 3*p - 17, 3*r - 11 = -p + 4. What is the units digit of p?
9
Suppose -4*q = -11 - 113. Suppose 0 = -4*w + 5*p + 19, -2*w = -3*w - 4*p + q. What is the tens digit of w?
1
Let m = 5 + -2. Suppose 2*u - 29 = l, l + 2*l = -m. What is the tens digit of u?
1
Suppose -4*n - 7 + 0 = 5*r, 4*r - 2*n = -16. Let t be (8/3 + r)*-6. Let a(f) = f**3 + 3*f - 2. What is the units digit of a(t)?
2
Let h = -1 + 47. What is the tens digit of h?
4
Suppose 7 + 13 = 4*p. Suppose p*d + 7 = 37. What is the units digit of d?
6
Suppose 2*t = 2*k - t - 73, 0 = 5*k - 5*t - 195. What is the tens digit of k?
4
Let l(j) = -j - 7. Let w be l(-9). Suppose 3 = w*x - 3. What is the units digit of x?
3
Let d = 7 + -7. Suppose 2*f = -q - q + 34, 2*q - 4*f - 28 = d. What is the tens digit of q?
1
Let r = 0 + 2. Suppose -r*p = 3*p + 15. What is the units digit of (-1)/(1/p) + -1?
2
Suppose -3*p + 15 + 9 = -4*x, 0 = -2*p + 4*x + 16. Suppose 0 = 2*y - 34 - p. What is the units digit of 2/(-5) + y/15?
1
Let d = 51 + -19. Suppose -4*k - 4 = 2*o - d, 3*o - k = 28. Suppose -3*s + 2 + o = 0. What is the units digit of s?
4
Let c(l) = 0 - 3 + 2 - 2*l. Let g be c(2). Let z = 12 + g. What is the units digit of z?
7
Let a(q) = -q**3 - 6*q**2 - 7*q - 1. Let n be a(-6). Suppose 2*z + z - 2*k = n, 2*z = -k + 25. What is the tens digit of z?
1
Let s be (23*(-3)/3)/(-1). Let q = 8 - s. Let d = -11 - q. What is the units digit of d?
4
Let g = -26 + 27. What is the units digit of g?
1
Suppose 4*w - 742 = -4*a + 2*a, 3*w = -a + 556. What is the hundreds digit of w?
1
Let x = -4 + 6. Let f(l) = -l. Let s be f(-6). Suppose z - x*z = -s. What is the units digit of z?
6
Suppose -i = 2*l - 256, -3*l + 0*l + 384 = -5*i. Suppose -l = -2*c - 2*c. What is the tens digit of c?
3
Let f(a) = -18*a + 48. What is the units digit of f(-6)?
6
Let x be (-36)/(-8)*(-8)/(-6). Suppose 4*k - x = f, 4*k + 4 - 22 = -f. Suppose 5*q = 4*q + f. What is the units digit of q?
6
Let w = -4 + 10. Let r = w + -2. Suppose -r*d + 10 = d. What is the units digit of d?
2
Let x(u) = -u**3 + 7*u**2 - 6*u + 5. Let m be x(6). Suppose -k = -l + 3*l - 10, m*k - 50 = l. What is the tens digit of k?
1
Let n(h) = -2*h. Suppose -4*f - 31 = -11, 3*g - 5*f - 4 = 0. What is the units digit of n(g)?
4
Let w(y) = -2*y - 6. Let o be w(-7). Suppose o = -4*i, -3*i = -4*t - i - 4. What is the units digit of 2/4*-17*t?
7
Let j(u) = -u - 7. Let o(f) = f**2 - 4*f + 3. Let s be o(3). Let g be j(s). Let i(r) = r**3 + 8*r**2 + 5*r - 7. What is the units digit of i(g)?
7
Let a = -36 - -66. Suppose 2*m - 4*y = m + 18, -2*y - a = -4*m. What is the units digit of m?
6
Let j be ((-16)/20)/((-2)/(-15)). Let q = 11 + j. Suppose -10 = -q*r + 10. What is the units digit of r?
4
Let n = -6 - -9. Suppose n = -3*m + 45. What is the tens digit of m?
1
Let v(q) = 2*q - 3. Let b be 78/15 + 2/(-10). What is the units digit of v(b)?
7
Let h(b) = -145*b - 3 - 28*b + 2. Let a be h(1). What is the units digit of 4/(-14) - a/21?
8
Suppose 0 = 2*p + 5*n - 139, 241 = 3*p - 3*n + 4*n. What is the units digit of p?
2
Suppose 3*b - 87 = 3*u, -4*b + 5*u + 33 = -3*b. What is the tens digit of b?
2
Suppose 18 = -4*k - 6. Let p be k/(-3) + 1*7. Let h = -4 + p. What is the units digit of h?
5
Suppose 5 = 3*u - 4, -3*z + 4*u = 48. Let c = -2 - z. What is the tens digit of c?
1
Let l be 2/7 - (-130)/35. Let q = 14 - l. What is the tens digit of q?
1
Let t(m) = -2*m**3 - m**2 + 2*m. Let x be t(-2). Suppose 4*u - 2 + 0 = 2*n, -5*n - 3*u = -x. What is the units digit of n?
1
Suppose -3*r = -4*p + 1, 0 = 7*p - 3*p - 5*r + 1. What is the units digit of -6 + 9 + 0 + p?
4
Let r(n) = n**2 - 3*n - 3. Let l be r(4). Let o = 4 - l. Suppose z - 2 = o. What is the units digit of z?
5
Let r(a) = -a**3 - a**2 - 2*a. Let f be r(-3). Suppose 4*i + f = 2*v, -5*v + 38 = -v - 3*i. What is the units digit of v?
8
Suppose 3*t = 4*t. Suppose -n + 3*n - 190 = t. Suppose 2*u = -3*u + n. What is the tens digit of u?
1
Let i be (-22)/(-8) + (-15)/20. Suppose -2*g - 5*s = -10, 2*s - 5 + 1 = 3*g. Suppose g = 2*q - 14 + i. What is the units digit of q?
6
Suppose 5*g = 4 + 6. Suppose 4*c = -c + g*w + 14, c + 5 = 3*w. What is the units digit of c?
4
Let b = 0 + 2. Suppose -b*g = -2*y + 56, 146 = 6*y - y - 3*g. Suppose -v + 6 = -s, -3*v + y - 3 = 2*s. What is the units digit of v?
8
Let d(n) = n**3 - 6*n**2 - 7*n + 4. Let c be d(7). Let f = c - -31. What is the tens digit of f?
3
Let m = 96 - 56. What is the tens digit of m?
4
Suppose 102 = d - 5*v, -2*d + 216 = -v + 3*v. What is the units digit of d?
7
Let z(y) = -y**2 - 5*y - 4. Let f be z(-3). Suppose -f*v + v = -30. What is the units digit of v?
0
Let i = 17 - 12. Suppose 3*g - i*r = 91, -2*g + 2*r + 62 = 8. What is the tens digit of g?
2
What is the units digit of (-6)/(8/(-804)*3)?
1
Let y(l) = -4 + 8*l + 2*l**2 + 1 + 0*l**2 - l**2. What is 